t of 11760?
1
What is the thousands digit of 2645?
2
What is the tens digit of 47274?
7
What is the hundreds digit of 12524?
5
What is the units digit of 48308?
8
What is the hundreds digit of 611?
6
What is the tens digit of 9738?
3
What is the hundreds digit of 3787?
7
What is the thousands digit of 16720?
6
What is the thousands digit of 19422?
9
What is the tens digit of 26704?
0
What is the hundreds digit of 2071?
0
What is the hundreds digit of 341?
3
What is the thousands digit of 4754?
4
What is the thousands digit of 11645?
1
What is the units digit of 37791?
1
What is the units digit of 943?
3
What is the thousands digit of 22353?
2
What is the units digit of 24220?
0
What is the units digit of 383?
3
What is the ten thousands digit of 21327?
2
What is the units digit of 81238?
8
What is the ten thousands digit of 20830?
2
What is the tens digit of 5565?
6
What is the thousands digit of 19383?
9
What is the hundreds digit of 672?
6
What is the units digit of 910?
0
What is the units digit of 8336?
6
What is the hundreds digit of 474?
4
What is the tens digit of 1527?
2
What is the thousands digit of 1164?
1
What is the hundreds digit of 187?
1
What is the thousands digit of 4409?
4
What is the hundreds digit of 47083?
0
What is the units digit of 7548?
8
What is the units digit of 9932?
2
What is the tens digit of 909?
0
What is the thousands digit of 39517?
9
What is the tens digit of 3614?
1
What is the tens digit of 423?
2
What is the tens digit of 501?
0
What is the thousands digit of 5113?
5
What is the tens digit of 7598?
9
What is the hundreds digit of 42817?
8
What is the ten thousands digit of 24713?
2
What is the tens digit of 12903?
0
What is the units digit of 5707?
7
What is the hundreds digit of 779?
7
What is the thousands digit of 4318?
4
What is the units digit of 3050?
0
What is the tens digit of 962?
6
What is the hundreds digit of 5535?
5
What is the ten thousands digit of 92359?
9
What is the ten thousands digit of 26139?
2
What is the thousands digit of 2768?
2
What is the units digit of 931?
1
What is the hundreds digit of 599?
5
What is the hundreds digit of 7058?
0
What is the tens digit of 14?
1
What is the hundreds digit of 3890?
8
What is the hundreds digit of 146618?
6
What is the tens digit of 1365?
6
What is the tens digit of 3103?
0
What is the hundreds digit of 3816?
8
What is the units digit of 843?
3
What is the hundreds digit of 7145?
1
What is the ten thousands digit of 11124?
1
What is the thousands digit of 94911?
4
What is the units digit of 3695?
5
What is the tens digit of 358?
5
What is the ten thousands digit of 87422?
8
What is the hundreds digit of 30359?
3
What is the hundreds digit of 1731?
7
What is the thousands digit of 39810?
9
What is the hundreds digit of 131315?
3
What is the units digit of 14463?
3
What is the units digit of 5089?
9
What is the units digit of 6602?
2
What is the tens digit of 20704?
0
What is the tens digit of 866?
6
What is the hundreds digit of 2105?
1
What is the units digit of 11785?
5
What is the thousands digit of 33577?
3
What is the tens digit of 958?
5
What is the units digit of 28?
8
What is the units digit of 5575?
5
What is the hundreds digit of 119?
1
What is the units digit of 30886?
6
What is the tens digit of 3900?
0
What is the units digit of 1198?
8
What is the hundreds digit of 10306?
3
What is the tens digit of 9551?
5
What is the thousands digit of 4623?
4
What is the thousands digit of 1153?
1
What is the units digit of 7699?
9
What is the tens digit of 2504?
0
What is the thousands digit of 7927?
7
What is the units digit of 11746?
6
What is the thousands digit of 5360?
5
What is the hundreds digit of 989?
9
What is the units digit of 3933?
3
What is the hundreds digit of 458?
4
What is the hundreds digit of 62684?
6
What is the units digit of 3427?
7
What is the hundreds digit of 9283?
2
What is the tens digit of 522?
2
What is the thousands digit of 7452?
7
What is the units digit of 530?
0
What is the hundreds digit of 13165?
1
What is the thousands digit of 5949?
5
What is the hundred thousands digit of 144613?
1
What is the ten thousands digit of 136954?
3
What is the tens digit of 10611?
1
What is the tens digit of 8308?
0
What is the tens digit of 1298?
9
What is the tens digit of 30917?
1
What is the units digit of 1989?
9
What is the hundreds digit of 36662?
6
What is the units digit of 1064?
4
What is the hundreds digit of 2158?
1
What is the tens digit of 132126?
2
What is the tens digit of 5547?
4
What is the thousands digit of 1885?
1
What is the thousands digit of 1460?
1
What is the tens digit of 6014?
1
What is the tens digit of 26602?
0
What is the hundreds digit of 775?
7
What is the thousands digit of 5007?
5
What is the tens digit of 1008?
0
What is the tens digit of 1451?
5
What is the tens digit of 2562?
6
What is the hundreds digit of 1316?
3
What is the tens digit of 36763?
6
What is the hundreds digit of 1379?
3
What is the thousands digit of 1735?
1
What is the tens digit of 149362?
6
What is the hundreds digit of 855?
8
What is the units digit of 360?
0
What is the thousands digit of 29983?
9
What is the tens digit of 3271?
7
What is the thousands digit of 6230?
6
What is the thousands digit of 22045?
2
What is the ten thousands digit of 17888?
1
What is the tens digit of 10124?
2
What is the thousands digit of 12389?
2
What is the units digit of 69703?
3
What is the thousands digit of 52765?
2
What is the units digit of 1299?
9
What is the ten thousands digit of 80461?
8
What is the units digit of 1355?
5
What is the tens digit of 1392?
9
What is the hundred thousands digit of 114808?
1
What is the hundreds digit of 1142?
1
What is the hundreds digit of 14227?
2
What is the thousands digit of 5128?
5
What is the tens digit of 15365?
6
What is the ten thousands digit of 63705?
6
What is the hundreds digit of 3125?
1
What is the tens digit of 14444?
4
What is the units digit of 602?
2
What is the tens digit of 24337?
3
What is the tens digit of 5060?
6
What is the thousands digit of 21279?
1
What is the hundreds digit of 738?
7
What is the thousands digit of 34793?
4
What is the units digit of 9238?
8
What is the tens digit of 434?
3
What is the ten thousands digit of 11969?
1
What is the hundreds digit of 1013?
0
What is the units digit of 60518?
8
What is the hundreds digit of 276?
2
What is the tens digit of 18012?
1
What is the hundreds digit of 93586?
5
What is the tens digit of 1150?
5
What is the hundreds digit of 1229?
2
What is the hundreds digit of 3055?
0
What is the units digit of 15262?
2
What is the hundreds digit of 8431?
4
What is the tens digit of 151374?
7
What is the thousands digit of 11013?
1
What is the tens digit of 6226?
2
What is the hundreds digit of 355?
3
What is the tens digit of 504?
0
What is the ten thousands digit of 44568?
4
What is the tens digit of 2642?
4
What is the thousands digit of 1326?
1
What is the thousands digit of 2345?
2
What is the ten thousands digit of 15308?
1
What is the ten thousands digit of 13788?
1
What is the hundreds digit of 6237?
2
What is the tens digit of 2218?
1
What is the hundreds digit of 24944?
9
What is the hundreds digit of 157?
1
What is the thousands digit of 42790?
2
What is the ten thousands digit of 73946?
7
What is the tens digit of 231?
3
What is the tens digit of 3090?
9
What is the thousands digit of 1782?
1
What is the units digit of 770?
0
What is the tens digit of 4449?
4
What is the tens digit of 134951?
5
What is the units digit of 15818?
8
What is the hundreds digit of 11641?
6
What is the units digit of 42904?
4
What is the tens digit of 1181?
8
What is the units digit of 2084?
4
What is the thousands digit of 1406?
1
What is the units digit of 140318?
8
What is the hundreds digit of 1153?
1
What is the hundred thousands digit of 116304?
1
What is the units digit of 6318?
8
What is the tens digit of 1570?
7
What is the units digit of 139?
9
What is the units digit of 3054?
4
What is the units digit of 33795?
5
What is the units digit of 1043?
3
What is the units digit of 15326?
6
What is the thousands digit of 40953?
0
What is the tens digit of 21046?
4
What is the units digit of 115417?
7
What is the units digit of 792?
2
W